131843?
3, 59, 718259
List the prime factors of 474956953.
197, 2410949
List the prime factors of 3474084026.
2, 7, 1871, 18947
What are the prime factors of 2371552383?
3, 43, 18384127
What are the prime factors of 1566514?
2, 783257
What are the prime factors of 1108498231?
1049, 1056719
What are the prime factors of 554036318?
2, 11, 109, 231041
What are the prime factors of 422613595?
5, 84522719
What are the prime factors of 14829586?
2, 7414793
List the prime factors of 9266157.
3, 139, 823
List the prime factors of 5385324273.
3, 7, 29, 971, 1301
List the prime factors of 1057238447.
23, 45966889
List the prime factors of 142595237.
79, 1805003
List the prime factors of 42610248.
2, 3, 43, 13763
What are the prime factors of 145703580?
2, 3, 5, 11, 257, 859
List the prime factors of 119770618.
2, 11, 271, 20089
List the prime factors of 25271965.
5, 449, 11257
What are the prime factors of 399297634?
2, 4591, 43487
List the prime factors of 236071685.
5, 59, 800243
What are the prime factors of 234834371?
1933, 121487
List the prime factors of 868599477.
3, 1759, 18289
What are the prime factors of 1005934202?
2, 7, 13, 557, 9923
List the prime factors of 647788642.
2, 323894321
What are the prime factors of 127686794?
2, 63843397
List the prime factors of 2132678022.
2, 3, 355446337
What are the prime factors of 1822160558?
2, 28283, 32213
List the prime factors of 472851802.
2, 23, 10279387
What are the prime factors of 886641761?
461, 859, 2239
List the prime factors of 47226090.
2, 3, 5, 113, 13931
What are the prime factors of 5825437531?
5825437531
List the prime factors of 49229110.
2, 5, 7, 17, 41, 1009
What are the prime factors of 485707832?
2, 60713479
What are the prime factors of 2161888772?
2, 23, 607, 38713
What are the prime factors of 24315564?
2, 3, 7, 13, 3181
What are the prime factors of 109692348?
2, 3, 9141029
What are the prime factors of 112595272?
2, 97, 373, 389
What are the prime factors of 22203814?
2, 809, 13723
What are the prime factors of 298556091?
3, 17, 650449
List the prime factors of 32117154.
2, 3, 23, 211, 1103
List the prime factors of 42284261.
109, 113, 3433
What are the prime factors of 4384895853?
3, 13, 127, 885301
What are the prime factors of 29082483?
3, 19, 6299
What are the prime factors of 839359798?
2, 419679899
List the prime factors of 1317823208.
2, 13, 12671377
What are the prime factors of 50230984?
2, 19, 17393
What are the prime factors of 402449099?
13, 31, 998633
List the prime factors of 484297630.
2, 5, 2713, 17851
What are the prime factors of 1448852599?
1448852599
List the prime factors of 588764610.
2, 3, 5, 7, 934547
What are the prime factors of 270811098?
2, 3, 101, 148961
What are the prime factors of 9371998?
2, 17, 373, 739
List the prime factors of 121296849.
3, 3359, 12037
List the prime factors of 1484839264.
2, 6163, 7529
What are the prime factors of 28737036?
2, 3, 798251
What are the prime factors of 5754578?
2, 1087, 2647
What are the prime factors of 364686482?
2, 17, 23, 113, 4127
List the prime factors of 73769312.
2, 2305291
What are the prime factors of 5001225431?
5001225431
What are the prime factors of 5206656162?
2, 3, 67, 139, 93179
What are the prime factors of 1549191630?
2, 3, 5, 7, 7377103
List the prime factors of 23368887.
3, 419, 6197
What are the prime factors of 378364017?
3, 4261, 29599
List the prime factors of 1305350162.
2, 4219, 154699
What are the prime factors of 124784629?
124784629
List the prime factors of 38970841.
7, 13, 428251
List the prime factors of 1537884410.
2, 5, 153788441
List the prime factors of 194011176.
2, 3, 8083799
List the prime factors of 4375256710.
2, 5, 11, 151, 263411
List the prime factors of 18290134.
2, 9145067
List the prime factors of 4118274.
2, 3, 228793
List the prime factors of 345921190.
2, 5, 463, 74713
What are the prime factors of 36891082?
2, 18445541
List the prime factors of 21126026.
2, 1097, 9629
List the prime factors of 4859175.
3, 5, 67, 967
What are the prime factors of 1056784835?
5, 211356967
List the prime factors of 351162409.
13, 1303, 20731
List the prime factors of 103115735.
5, 29, 711143
List the prime factors of 100587671.
23, 1823, 2399
What are the prime factors of 488030012?
2, 61, 127, 15749
List the prime factors of 103487583.
3, 271, 127291
What are the prime factors of 547946034?
2, 3, 91324339
List the prime factors of 5815059.
3, 227, 8539
What are the prime factors of 2134220936?
2, 17, 661, 23741
List the prime factors of 1407180021.
3, 13, 29, 95707
List the prime factors of 160095227.
67, 2389481
List the prime factors of 3410758576.
2, 137, 1556003
What are the prime factors of 14940988?
2, 3735247
What are the prime factors of 299179785?
3, 5, 19945319
What are the prime factors of 1793155756?
2, 7, 61, 1049857
What are the prime factors of 34495813?
11, 3135983
List the prime factors of 9261110.
2, 5, 926111
List the prime factors of 54736616.
2, 11, 37, 16811
What are the prime factors of 3727883243?
7, 263, 293, 6911
What are the prime factors of 429379920?
2, 3, 5, 137, 1451
What are the prime factors of 61549554?
2, 3, 11, 17, 4987
What are the prime factors of 1413541405?
5, 1361, 207721
What are the prime factors of 115243308?
2, 3, 37, 241, 359
What are the prime factors of 86773889?
86773889
What are the prime factors of 42515461?
1021, 41641
What are the prime factors of 1940036959?
7, 23, 1721417
What are the prime factors of 118317253?
53, 2232401
List the prime factors of 3813425654.
2, 1906712827
List the prime factors of 503190900.
2, 3, 5, 227, 821
List the prime factors of 1422390140.
2, 5, 47, 131, 11551
List the prime factors of 699848269.
353, 1982573
What are the prime factors of 417584539?
31, 1069, 12601
List the prime factors of 143990593.
317, 454229
What are the prime factors of 12754404?
2, 3, 13, 27253
List the prime factors of 443638168.
2, 23, 2411077
What are the prime factors of 43035430?
2, 5, 4303543
List the prime factors of 122217988.
2, 30554497
List the prime factors of 404663182.
2, 7, 11, 59, 44537
What are the prime factors of 41766687?
3, 983, 4721
List the prime factors of 30230249.
7, 73, 59159
What are the prime factors of 1682001888?
2, 3, 7, 1373, 1823
List the prime factors of 72895042.
2, 11, 3313411
What are the prime factors of 570049317?
3, 29, 337, 6481
List the prime factors of 26313874.
2, 13156937
What are the prime factors of 879933780?
2, 3, 5, 11, 67
What are the prime factors of 4173904673?
41, 59, 971, 1777
What are the prime factors of 3805815?
3, 5, 13, 29, 673
List the prime factors of 3062062320.
2, 3, 5, 12758593
List the prime factors of 1576505029.
11, 1747, 82037
What are the prime factors of 37414296?
2, 3, 519643
What are the prime factors of 620398948?
2, 13, 1439, 8291
List the prime factors of 2291660299.
17, 134803547
What are the prime factors of 174435203?
29, 6015007
What are the prime factors of 129095930?
2, 5, 12909593
List the prime factors of 801210388.
2, 11, 67, 463, 587
What are the prime factors of 609141660?
2, 3, 5, 23, 71, 6217
What are the prime factors of 373793268?
2, 3, 67, 464917
What are the prime factors of 126297495?
3, 5, 935537
What are the prime factors of 8327978?
2, 23, 197, 919
What are the prime factors of 72709959?
3, 7, 3462379
What are the prime factors of 38679676?
2, 7, 211, 6547
List the prime factors of 458075833.
2707, 169219
What are the prime factors of 951166896?
2, 3, 131, 331, 457
What are the prime factors of 5247278432?
2, 11, 37, 10889
What are the prime factors of 107603020?
2, 5, 7, 59, 1861
List the prime factors of 43782137.
7, 19, 31, 37, 41
What are the prime factors of 61587534?
2, 3, 449, 22861
What are the prime factors of 1475833649?
1475833649
What are the prime factors of 1736182476?
2, 3, 7, 6889613
List the prime factors of 54282616.
2, 389, 17443
What are the prime factors of 51346084?
2, 37, 346933
What are the prime factors of 60832837?
13, 4679449
What are the prime factors of 18375190?
2, 5, 43, 151, 283
What are the prime factors of 57893141?
57893141
List the prime factors of 3982927127.
17, 761, 307871
What are the prime factors of 508789195?
5, 29, 71, 73, 677
What are the prime factors of 1077665795?
5, 2155331